[INFO] cloning repository https://github.com/paritytech/artist
[INFO] running `Command { std: "git" "-c" "credential.helper=" "-c" "credential.helper=/workspace/cargo-home/bin/git-credential-null" "clone" "--bare" "https://github.com/paritytech/artist" "/workspace/cache/git-repos/https%3A%2F%2Fgithub.com%2Fparitytech%2Fartist", kill_on_drop: false }`
[INFO] [stderr] Cloning into bare repository '/workspace/cache/git-repos/https%3A%2F%2Fgithub.com%2Fparitytech%2Fartist'...
[INFO] running `Command { std: "git" "rev-parse" "HEAD", kill_on_drop: false }`
[INFO] [stdout] efc35dd32e10ca2bf1a74d58ed05ad5a0668ba21
[INFO] building paritytech/artist against master#ff34b919075f35a1787659e9c448a34b06bab8de for issue-85264
[INFO] running `Command { std: "git" "clone" "/workspace/cache/git-repos/https%3A%2F%2Fgithub.com%2Fparitytech%2Fartist" "/workspace/builds/worker-14/source", kill_on_drop: false }`
[INFO] [stderr] Cloning into '/workspace/builds/worker-14/source'...
[INFO] [stderr] done.
[INFO] validating manifest of git repo https://github.com/paritytech/artist on toolchain ff34b919075f35a1787659e9c448a34b06bab8de
[INFO] running `Command { std: "/workspace/cargo-home/bin/cargo" "+ff34b919075f35a1787659e9c448a34b06bab8de" "metadata" "--manifest-path" "Cargo.toml" "--no-deps", kill_on_drop: false }`
[INFO] started tweaking git repo https://github.com/paritytech/artist
[INFO] finished tweaking git repo https://github.com/paritytech/artist
[INFO] tweaked toml for git repo https://github.com/paritytech/artist written to /workspace/builds/worker-14/source/Cargo.toml
[INFO] crate git repo https://github.com/paritytech/artist already has a lockfile, it will not be regenerated
[INFO] running `Command { std: "/workspace/cargo-home/bin/cargo" "+ff34b919075f35a1787659e9c448a34b06bab8de" "fetch" "--manifest-path" "Cargo.toml", kill_on_drop: false }`
[INFO] running `Command { std: "docker" "create" "-v" "/var/lib/crater-agent-workspace/builds/worker-14/target:/opt/rustwide/target:rw,Z" "-v" "/var/lib/crater-agent-workspace/builds/worker-14/source:/opt/rustwide/workdir:ro,Z" "-v" "/var/lib/crater-agent-workspace/cargo-home:/opt/rustwide/cargo-home:ro,Z" "-v" "/var/lib/crater-agent-workspace/rustup-home:/opt/rustwide/rustup-home:ro,Z" "-e" "SOURCE_DIR=/opt/rustwide/workdir" "-e" "CARGO_TARGET_DIR=/opt/rustwide/target" "-e" "CARGO_HOME=/opt/rustwide/cargo-home" "-e" "RUSTUP_HOME=/opt/rustwide/rustup-home" "-w" "/opt/rustwide/workdir" "-m" "1610612736" "--user" "0:0" "--network" "none" "ghcr.io/rust-lang/crates-build-env/linux@sha256:20528e8c29e4536546f0102ce88568b16ea7538393a33fcca951030f7af10457" "/opt/rustwide/cargo-home/bin/cargo" "+ff34b919075f35a1787659e9c448a34b06bab8de" "metadata" "--no-deps" "--format-version=1", kill_on_drop: false }`
[INFO] [stdout] 3f1aaeddcaf915d6668e6c4f66516034a0031ddbf9ab674d449f78130a4ccb43
[INFO] [stderr] WARNING: Your kernel does not support swap limit capabilities or the cgroup is not mounted. Memory limited without swap.
[INFO] running `Command { std: "docker" "start" "-a" "3f1aaeddcaf915d6668e6c4f66516034a0031ddbf9ab674d449f78130a4ccb43", kill_on_drop: false }`
[INFO] running `Command { std: "docker" "inspect" "3f1aaeddcaf915d6668e6c4f66516034a0031ddbf9ab674d449f78130a4ccb43", kill_on_drop: false }`
[INFO] running `Command { std: "docker" "rm" "-f" "3f1aaeddcaf915d6668e6c4f66516034a0031ddbf9ab674d449f78130a4ccb43", kill_on_drop: false }`
[INFO] [stdout] 3f1aaeddcaf915d6668e6c4f66516034a0031ddbf9ab674d449f78130a4ccb43
[INFO] running `Command { std: "docker" "create" "-v" "/var/lib/crater-agent-workspace/builds/worker-14/target:/opt/rustwide/target:rw,Z" "-v" "/var/lib/crater-agent-workspace/builds/worker-14/source:/opt/rustwide/workdir:ro,Z" "-v" "/var/lib/crater-agent-workspace/cargo-home:/opt/rustwide/cargo-home:ro,Z" "-v" "/var/lib/crater-agent-workspace/rustup-home:/opt/rustwide/rustup-home:ro,Z" "-e" "SOURCE_DIR=/opt/rustwide/workdir" "-e" "CARGO_TARGET_DIR=/opt/rustwide/target" "-e" "CARGO_INCREMENTAL=0" "-e" "RUST_BACKTRACE=full" "-e" "RUSTFLAGS=--cap-lints=forbid" "-e" "CARGO_HOME=/opt/rustwide/cargo-home" "-e" "RUSTUP_HOME=/opt/rustwide/rustup-home" "-w" "/opt/rustwide/workdir" "-m" "1610612736" "--user" "0:0" "--network" "none" "ghcr.io/rust-lang/crates-build-env/linux@sha256:20528e8c29e4536546f0102ce88568b16ea7538393a33fcca951030f7af10457" "/opt/rustwide/cargo-home/bin/cargo" "+ff34b919075f35a1787659e9c448a34b06bab8de" "build" "--frozen" "--message-format=json", kill_on_drop: false }`
[INFO] [stderr] WARNING: Your kernel does not support swap limit capabilities or the cgroup is not mounted. Memory limited without swap.
[INFO] [stdout] cc236ca58fa8898e8e7a6b0cd0185a56f0363c72253a336d942368e4b295990f
[INFO] running `Command { std: "docker" "start" "-a" "cc236ca58fa8898e8e7a6b0cd0185a56f0363c72253a336d942368e4b295990f", kill_on_drop: false }`
[INFO] [stderr]    Compiling proc-macro2 v1.0.24
[INFO] [stderr]    Compiling unicode-xid v0.2.1
[INFO] [stderr]    Compiling syn v1.0.58
[INFO] [stderr]    Compiling cfg-if v1.0.0
[INFO] [stderr]    Compiling autocfg v1.0.1
[INFO] [stderr]    Compiling serde v1.0.119
[INFO] [stderr]    Compiling typenum v1.12.0
[INFO] [stderr]    Compiling byteorder v1.4.2
[INFO] [stderr]    Compiling ppv-lite86 v0.2.10
[INFO] [stderr]    Compiling libm v0.2.1
[INFO] [stderr]    Compiling lazy_static v1.4.0
[INFO] [stderr]    Compiling memchr v2.3.4
[INFO] [stderr]    Compiling arrayvec v0.5.2
[INFO] [stderr]    Compiling version_check v0.9.2
[INFO] [stderr]    Compiling radium v0.3.0
[INFO] [stderr]    Compiling byte-slice-cast v0.3.5
[INFO] [stderr]    Compiling proc-macro-hack v0.5.19
[INFO] [stderr]    Compiling getrandom v0.2.1
[INFO] [stderr]    Compiling scopeguard v1.1.0
[INFO] [stderr]    Compiling crunchy v0.2.2
[INFO] [stderr]    Compiling regex-syntax v0.6.22
[INFO] [stderr]    Compiling cfg-if v0.1.10
[INFO] [stderr]    Compiling static_assertions v1.1.0
[INFO] [stderr]    Compiling ryu v1.0.5
[INFO] [stderr]    Compiling rustc-hex v2.1.0
[INFO] [stderr]    Compiling byte-tools v0.3.1
[INFO] [stderr]    Compiling subtle v1.0.0
[INFO] [stderr]    Compiling sp-std v2.0.1 (https://github.com/paritytech/substrate#928b7358)
[INFO] [stderr]    Compiling ref-cast v1.0.6
[INFO] [stderr]    Compiling hex v0.4.2
[INFO] [stderr]    Compiling parity-wasm v0.41.0
[INFO] [stderr]    Compiling proc-macro-nested v0.1.6
[INFO] [stderr]    Compiling itoa v0.4.7
[INFO] [stderr]    Compiling arrayvec v0.4.12
[INFO] [stderr]    Compiling futures-sink v0.3.9
[INFO] [stderr]    Compiling futures-core v0.3.9
[INFO] [stderr]    Compiling fake-simd v0.1.2
[INFO] [stderr]    Compiling opaque-debug v0.2.3
[INFO] [stderr]    Compiling slab v0.4.2
[INFO] [stderr]    Compiling memory_units v0.3.0
[INFO] [stderr]    Compiling opaque-debug v0.3.0
[INFO] [stderr]    Compiling ansi_term v0.12.1
[INFO] [stderr]    Compiling parity-util-mem v0.8.0
[INFO] [stderr]    Compiling keccak v0.1.0
[INFO] [stderr]    Compiling nodrop v0.1.14
[INFO] [stderr]    Compiling arrayref v0.3.6
[INFO] [stderr]    Compiling hash-db v0.15.2
[INFO] [stderr]    Compiling pin-utils v0.1.0
[INFO] [stderr]    Compiling cpuid-bool v0.1.2
[INFO] [stderr]    Compiling tiny-keccak v2.0.2
[INFO] [stderr]    Compiling constant_time_eq v0.1.5
[INFO] [stderr]    Compiling environmental v1.1.2
[INFO] [stderr]    Compiling signature v1.3.0
[INFO] [stderr]    Compiling dyn-clone v1.0.4
[INFO] [stderr]    Compiling rustc-hash v1.1.0
[INFO] [stderr]    Compiling base58 v0.1.0
[INFO] [stderr]    Compiling adler v0.2.3
[INFO] [stderr]    Compiling object v0.22.0
[INFO] [stderr]    Compiling bitflags v1.2.1
[INFO] [stderr]    Compiling rawpointer v0.2.1
[INFO] [stderr]    Compiling artist v0.1.0 (/opt/rustwide/workdir/artist)
[INFO] [stderr]    Compiling instant v0.1.9
[INFO] [stderr]    Compiling thread_local v1.1.0
[INFO] [stderr]    Compiling tracing-core v0.1.17
[INFO] [stderr]    Compiling sharded-slab v0.1.1
[INFO] [stderr]    Compiling lock_api v0.4.2
[INFO] [stderr]    Compiling bitvec v0.17.4
[INFO] [stderr]    Compiling block-padding v0.1.5
[INFO] [stderr]    Compiling hashbrown v0.9.1
[INFO] [stderr]    Compiling generic-array v0.14.4
[INFO] [stderr]    Compiling num-traits v0.2.14
[INFO] [stderr]    Compiling num-integer v0.1.44
[INFO] [stderr]    Compiling num-bigint v0.2.6
[INFO] [stderr]    Compiling num-rational v0.2.4
[INFO] [stderr]    Compiling miniz_oxide v0.4.3
[INFO] [stderr]    Compiling num-complex v0.2.4
[INFO] [stderr]    Compiling futures-channel v0.3.9
[INFO] [stderr]    Compiling trie-root v0.16.0
[INFO] [stderr]    Compiling ed25519 v1.0.3
[INFO] [stderr]    Compiling matrixmultiply v0.2.4
[INFO] [stderr]    Compiling log v0.4.13
[INFO] [stderr]    Compiling getrandom v0.1.16
[INFO] [stderr]    Compiling parking_lot_core v0.8.2
[INFO] [stderr]    Compiling time v0.1.43
[INFO] [stderr]    Compiling num_cpus v1.13.0
[INFO] [stderr]    Compiling uint v0.9.0
[INFO] [stderr]    Compiling hash256-std-hasher v0.15.2
[INFO] [stderr]    Compiling tracing-log v0.1.1
[INFO] [stderr]    Compiling trie-db v0.22.2
[INFO] [stderr]    Compiling aho-corasick v0.7.15
[INFO] [stderr]    Compiling rand_core v0.5.1
[INFO] [stderr]    Compiling rand_core v0.6.1
[INFO] [stderr]    Compiling parking_lot v0.11.1
[INFO] [stderr]    Compiling quote v1.0.8
[INFO] [stderr]    Compiling wasmi-validation v0.3.0
[INFO] [stderr]    Compiling pwasm-utils v0.12.0
[INFO] [stderr]    Compiling blake2-rfc v0.2.18
[INFO] [stderr]    Compiling rand_chacha v0.3.0
[INFO] [stderr]    Compiling rand_pcg v0.2.1
[INFO] [stderr]    Compiling rand_chacha v0.2.2
[INFO] [stderr]    Compiling generic-array v0.12.3
[INFO] [stderr]    Compiling generic-array v0.13.2
[INFO] [stderr]    Compiling once_cell v1.5.2
[INFO] [stderr]    Compiling regex-automata v0.1.9
[INFO] [stderr]    Compiling rand v0.8.1
[INFO] [stderr]    Compiling paste-impl v0.1.18
[INFO] [stderr]    Compiling digest v0.8.1
[INFO] [stderr]    Compiling crypto-mac v0.7.0
[INFO] [stderr]    Compiling block-buffer v0.7.3
[INFO] [stderr]    Compiling rand v0.7.3
[INFO] [stderr]    Compiling futures-task v0.3.9
[INFO] [stderr]    Compiling digest v0.9.0
[INFO] [stderr]    Compiling block-buffer v0.9.0
[INFO] [stderr]    Compiling crypto-mac v0.8.0
[INFO] [stderr]    Compiling regex v1.4.3
[INFO] [stderr]    Compiling integer-sqrt v0.1.5
[INFO] [stderr]    Compiling approx v0.3.2
[INFO] [stderr]    Compiling hmac v0.7.1
[INFO] [stderr]    Compiling pbkdf2 v0.3.0
[INFO] [stderr]    Compiling backtrace v0.3.55
[INFO] [stderr]    Compiling sha2 v0.8.2
[INFO] [stderr]    Compiling sha2 v0.9.2
[INFO] [stderr]    Compiling hmac v0.8.1
[INFO] [stderr]    Compiling pbkdf2 v0.4.0
[INFO] [stderr]    Compiling hmac-drbg v0.2.0
[INFO] [stderr]    Compiling chrono v0.4.19
[INFO] [stderr]    Compiling fixed-hash v0.7.0
[INFO] [stderr]    Compiling matchers v0.0.1
[INFO] [stderr]    Compiling paste v0.1.18
[INFO] [stderr]    Compiling simba v0.1.5
[INFO] [stderr]    Compiling libsecp256k1 v0.3.5
[INFO] [stderr]    Compiling twox-hash v1.6.0
[INFO] [stderr]    Compiling rand_distr v0.2.2
[INFO] [stderr]    Compiling statrs v0.12.0
[INFO] [stderr]    Compiling sp-panic-handler v2.0.1 (https://github.com/paritytech/substrate#928b7358)
[INFO] [stderr]    Compiling Inflector v0.11.4
[INFO] [stderr]    Compiling wasmi v0.6.2
[INFO] [stderr]    Compiling nalgebra v0.21.1
[INFO] [stderr]    Compiling synstructure v0.12.4
[INFO] [stderr]    Compiling serde_derive v1.0.119
[INFO] [stderr]    Compiling zeroize_derive v1.0.1
[INFO] [stderr]    Compiling sp-debug-derive v2.0.1 (https://github.com/paritytech/substrate#928b7358)
[INFO] [stderr]    Compiling tracing-attributes v0.1.11
[INFO] [stderr]    Compiling impl-trait-for-tuples v0.2.0
[INFO] [stderr]    Compiling ref-cast-impl v1.0.6
[INFO] [stderr]    Compiling futures-macro v0.3.9
[INFO] [stderr]    Compiling parity-util-mem-derive v0.1.0
[INFO] [stderr]    Compiling thiserror-impl v1.0.23
[INFO] [stderr]    Compiling dyn-clonable-impl v0.9.0
[INFO] [stderr]    Compiling derive_more v0.99.11
[INFO] [stderr]    Compiling async-trait v0.1.42
[INFO] [stderr]    Compiling frame-support-procedural-tools-derive v2.0.1 (https://github.com/paritytech/substrate#928b7358)
[INFO] [stderr]    Compiling dyn-clonable v0.9.0
[INFO] [stderr]    Compiling zeroize v1.2.0
[INFO] [stderr]    Compiling merlin v2.0.0
[INFO] [stderr]    Compiling curve25519-dalek v2.1.2
[INFO] [stderr]    Compiling curve25519-dalek v3.0.2
[INFO] [stderr]    Compiling secrecy v0.7.0
[INFO] [stderr]    Compiling futures-util v0.3.9
[INFO] [stderr]    Compiling thiserror v1.0.23
[INFO] [stderr]    Compiling tiny-bip39 v0.8.0
[INFO] [stderr]    Compiling tracing v0.1.22
[INFO] [stderr]    Compiling futures-executor v0.3.9
[INFO] [stderr]    Compiling futures v0.3.9
[INFO] [stderr]    Compiling linregress v0.4.0
[INFO] [stderr]    Compiling toml v0.5.8
[INFO] [stderr]    Compiling impl-serde v0.3.1
[INFO] [stderr]    Compiling tracing-serde v0.1.2
[INFO] [stderr]    Compiling serde_json v1.0.61
[INFO] [stderr]    Compiling schnorrkel v0.9.1
[INFO] [stderr]    Compiling ed25519-dalek v1.0.1
[INFO] [stderr]    Compiling substrate-bip39 v0.4.2
[INFO] [stderr]    Compiling tracing-subscriber v0.2.15
[INFO] [stderr]    Compiling proc-macro-crate v0.1.5
[INFO] [stderr]    Compiling frame-support-procedural-tools v2.0.1 (https://github.com/paritytech/substrate#928b7358)
[INFO] [stderr]    Compiling parity-scale-codec-derive v1.2.2
[INFO] [stderr]    Compiling sp-runtime-interface-proc-macro v2.0.1 (https://github.com/paritytech/substrate#928b7358)
[INFO] [stderr]    Compiling sp-api-proc-macro v2.0.1 (https://github.com/paritytech/substrate#928b7358)
[INFO] [stderr]    Compiling frame-support-procedural v2.0.1 (https://github.com/paritytech/substrate#928b7358)
[INFO] [stderr]    Compiling parity-scale-codec v1.3.6
[INFO] [stderr]    Compiling impl-codec v0.4.2
[INFO] [stderr]    Compiling sp-storage v2.0.1 (https://github.com/paritytech/substrate#928b7358)
[INFO] [stderr]    Compiling sp-wasm-interface v2.0.1 (https://github.com/paritytech/substrate#928b7358)
[INFO] [stderr]    Compiling sp-tracing v2.0.1 (https://github.com/paritytech/substrate#928b7358)
[INFO] [stderr]    Compiling sp-arithmetic v2.0.1 (https://github.com/paritytech/substrate#928b7358)
[INFO] [stderr]    Compiling primitive-types v0.8.0
[INFO] [stderr]    Compiling sp-externalities v0.8.1 (https://github.com/paritytech/substrate#928b7358)
[INFO] [stderr]    Compiling sp-runtime-interface v2.0.1 (https://github.com/paritytech/substrate#928b7358)
[INFO] [stderr]    Compiling memory-db v0.25.0
[INFO] [stderr]    Compiling sp-core v2.0.1 (https://github.com/paritytech/substrate#928b7358)
[INFO] [stderr]    Compiling sp-trie v2.0.1 (https://github.com/paritytech/substrate#928b7358)
[INFO] [stderr]    Compiling sp-keystore v0.8.0 (https://github.com/paritytech/substrate#928b7358)
[INFO] [stderr]    Compiling frame-metadata v12.0.1 (https://github.com/paritytech/substrate#928b7358)
[INFO] [stderr]    Compiling sp-inherents v2.0.1 (https://github.com/paritytech/substrate#928b7358)
[INFO] [stderr]    Compiling sp-state-machine v0.8.1 (https://github.com/paritytech/substrate#928b7358)
[INFO] [stderr]    Compiling sp-io v2.0.1 (https://github.com/paritytech/substrate#928b7358)
[INFO] [stderr]    Compiling sp-application-crypto v2.0.1 (https://github.com/paritytech/substrate#928b7358)
[INFO] [stderr]    Compiling sp-sandbox v0.8.1 (https://github.com/paritytech/substrate#928b7358)
[INFO] [stderr]    Compiling sp-runtime v2.0.1 (https://github.com/paritytech/substrate#928b7358)
[INFO] [stderr]    Compiling sp-version v2.0.1 (https://github.com/paritytech/substrate#928b7358)
[INFO] [stderr]    Compiling frame-support v2.0.1 (https://github.com/paritytech/substrate#928b7358)
[INFO] [stderr]    Compiling sp-api v2.0.1 (https://github.com/paritytech/substrate#928b7358)
[INFO] [stderr]    Compiling frame-system v2.0.1 (https://github.com/paritytech/substrate#928b7358)
[INFO] [stderr]    Compiling frame-benchmarking v2.0.1 (https://github.com/paritytech/substrate#928b7358)
[INFO] [stderr]    Compiling pallet-balances v2.0.1 (https://github.com/paritytech/substrate#928b7358)
[INFO] [stderr]    Compiling pallet-actors v2.0.0-rc2 (/opt/rustwide/workdir/frame/actors)
[INFO] [stdout] error[E0433]: failed to resolve: could not find `Trait` in `frame_system`
[INFO] [stdout]   --> frame/actors/src/lib.rs:45:48
[INFO] [stdout]    |
[INFO] [stdout] 45 | pub type AccountIdFor<T> = <T as frame_system::Trait>::AccountId;
[INFO] [stdout]    |                                                ^^^^^ could not find `Trait` in `frame_system`
[INFO] [stdout] 
[INFO] [stdout] 
[INFO] [stdout] error[E0433]: failed to resolve: could not find `Trait` in `frame_system`
[INFO] [stdout]   --> frame/actors/src/lib.rs:48:82
[INFO] [stdout]    |
[INFO] [stdout] 48 | pub type BalanceFor<T> = <<T as Trait>::Currency as Currency<<T as frame_system::Trait>::AccountId>>::Balance;
[INFO] [stdout]    |                                                                                  ^^^^^ could not find `Trait` in `frame_system`
[INFO] [stdout] 
[INFO] [stdout] 
[INFO] [stdout] error[E0433]: failed to resolve: could not find `Trait` in `frame_system`
[INFO] [stdout]   --> frame/actors/src/lib.rs:51:92
[INFO] [stdout]    |
[INFO] [stdout] 51 | pub type PositiveImbalanceFor<T> = <<T as Trait>::Currency as Currency<<T as frame_system::Trait>::AccountId>>::PositiveImbalance;
[INFO] [stdout]    |                                                                                            ^^^^^ could not find `Trait` in `frame_system`
[INFO] [stdout] 
[INFO] [stdout] 
[INFO] [stdout] error[E0433]: failed to resolve: could not find `Trait` in `frame_system`
[INFO] [stdout]   --> frame/actors/src/lib.rs:54:92
[INFO] [stdout]    |
[INFO] [stdout] 54 | pub type NegativeImbalanceFor<T> = <<T as Trait>::Currency as Currency<<T as frame_system::Trait>::AccountId>>::NegativeImbalance;
[INFO] [stdout]    |                                                                                            ^^^^^ could not find `Trait` in `frame_system`
[INFO] [stdout] 
[INFO] [stdout] 
[INFO] [stdout] error[E0433]: failed to resolve: could not find `Trait` in `frame_system`
[INFO] [stdout]   --> frame/actors/src/lib.rs:63:43
[INFO] [stdout]    |
[INFO] [stdout] 63 | pub type HashFor<T> = <T as frame_system::Trait>::Hash;
[INFO] [stdout]    |                                           ^^^^^ could not find `Trait` in `frame_system`
[INFO] [stdout] 
[INFO] [stdout] 
[INFO] [stdout] error[E0433]: failed to resolve: could not find `Trait` in `frame_system`
[INFO] [stdout]   --> frame/actors/src/lib.rs:92:62
[INFO] [stdout]    |
[INFO] [stdout] 92 |     type Event: From<Event<Self>> + Into<<Self as frame_system::Trait>::Event>;
[INFO] [stdout]    |                                                                 ^^^^^ could not find `Trait` in `frame_system`
[INFO] [stdout] 
[INFO] [stdout] 
[INFO] [stdout] error[E0433]: failed to resolve: could not find `Trait` in `frame_system`
[INFO] [stdout]    --> frame/actors/src/lib.rs:120:23
[INFO] [stdout]     |
[INFO] [stdout] 120 |         <T as frame_system::Trait>::AccountId,
[INFO] [stdout]     |                             ^^^^^ could not find `Trait` in `frame_system`
[INFO] [stdout] 
[INFO] [stdout] 
[INFO] [stdout] error[E0433]: failed to resolve: could not find `Trait` in `frame_system`
[INFO] [stdout]    --> frame/actors/src/lib.rs:121:23
[INFO] [stdout]     |
[INFO] [stdout] 121 |         <T as frame_system::Trait>::Hash
[INFO] [stdout]     |                             ^^^^^ could not find `Trait` in `frame_system`
[INFO] [stdout] 
[INFO] [stdout] 
[INFO] [stdout] error[E0405]: cannot find trait `Trait` in crate `frame_system`
[INFO] [stdout]   --> frame/actors/src/lib.rs:90:32
[INFO] [stdout]    |
[INFO] [stdout] 90 | pub trait Trait: frame_system::Trait {
[INFO] [stdout]    |                                ^^^^^ not found in `frame_system`
[INFO] [stdout]    |
[INFO] [stdout] help: consider importing this trait
[INFO] [stdout]    |
[INFO] [stdout] 23 | use crate::gas::Trait;
[INFO] [stdout]    |
[INFO] [stdout] 
[INFO] [stdout] 
[INFO] [stdout] warning: unused import: `self as system`
[INFO] [stdout]   --> frame/actors/src/lib.rs:33:20
[INFO] [stdout]    |
[INFO] [stdout] 33 | use frame_system::{self as system, ensure_signed};
[INFO] [stdout]    |                    ^^^^^^^^^^^^^^
[INFO] [stdout]    |
[INFO] [stdout]    = note: `#[warn(unused_imports)]` on by default
[INFO] [stdout] 
[INFO] [stdout] 
[INFO] [stdout] error: aborting due to 9 previous errors; 1 warning emitted
[INFO] [stdout] 
[INFO] [stdout] 
[INFO] [stdout] Some errors have detailed explanations: E0405, E0433.
[INFO] [stdout] 
[INFO] [stdout] For more information about an error, try `rustc --explain E0405`.
[INFO] [stdout] 
[INFO] [stderr] error: could not compile `pallet-actors`
[INFO] [stderr] 
[INFO] [stderr] To learn more, run the command again with --verbose.
[INFO] running `Command { std: "docker" "inspect" "cc236ca58fa8898e8e7a6b0cd0185a56f0363c72253a336d942368e4b295990f", kill_on_drop: false }`
[INFO] running `Command { std: "docker" "rm" "-f" "cc236ca58fa8898e8e7a6b0cd0185a56f0363c72253a336d942368e4b295990f", kill_on_drop: false }`
[INFO] [stdout] cc236ca58fa8898e8e7a6b0cd0185a56f0363c72253a336d942368e4b295990f
